 -155 - s. What is the remainder when p is divided by 16?
11
What is the remainder when 10/((-140)/462)*-5 is divided by 21?
18
Let g = 59 + -48. Suppose 2*v + 37 = 2*f - v, -5*f + 98 = -2*v. What is the remainder when f is divided by g?
9
Suppose -3*j - 26 = -110. Let s = 41 - j. Let f = -46 - -81. Calculate the remainder when f is divided by s.
9
Let o be (-4)/18 + 776/9. Let a be 35 + (-2)/6*0. Let v = o - a. What is the remainder when v is divided by 26?
25
Suppose -p - 298 = -4*y, 2*y - 2*p = -0*y + 146. Suppose 4*b = -2*f + 30, -4*f = -2*f - 5*b - y. What is the remainder when 47 is divided by f?
22
Let z = -97 - -185. Suppose -5*u + 120 = -u. Calculate the remainder when z is divided by u.
28
Suppose 10*q = 7*q + 222. What is the remainder when q is divided by 15?
14
Let t = 1 + 4. Calculate the remainder when t is divided by (((-8)/(-24))/1)/((-1)/(-6)).
1
Calculate the remainder when 199 is divided by (202/(-6))/(15 + (-368)/24).
98
Suppose 4*r - r + 3*s - 66 = 0, 29 = 2*r - 3*s. Suppose 3*v - 5*f = -v + 208, -v + 52 = -4*f. Let j = 89 - v. What is the remainder when j is divided by r?
18
Let x be (-45)/(-2)*(6/9 - 0). Suppose x + 12 = 9*y. Calculate the remainder when 6 is divided by y.
0
Suppose -2*f - 3*o - 21 = 26, -f = o + 22. Let d = f - -46. What is the remainder when 104 is divided by d?
23
Let l = -659 + 680. What is the remainder when 419 is divided by l?
20
Let r(w) = w**2 + w. Let i(g) be the second derivative of 7*g**3/6 - g**2/2 - 2*g. Let y(l) = -i(l) + 2*r(l). What is the remainder when y(6) is divided by 15?
13
Suppose -5*o = 2*y - 33, 2*o = 4*o + 4*y - 26. Suppose 2*k + 3*k + 5*w = 45, 5*w = -o. What is the remainder when 47 is divided by k?
7
Let t(l) = l**3 + 17*l**2 - 14*l + 15. Let h be t(-17). Suppose h = 2*i + 43. Calculate the remainder when i is divided by 27.
24
Let o(f) = -f**3 + 7*f**2 - 5*f + 4. Let q = 31 - 25. What is the remainder when o(q) is divided by 3?
1
What is the remainder when 129 is divided by 1 - 5 - -5 - 11/(-1)?
9
Let h = -53 - -34. Let s be (-3)/(-5) + 1694/35. Let a = s + h. What is the remainder when a is divided by 8?
6
Let x = -47 + 85. Suppose -x = -4*o + 6. Calculate the remainder when 21 is divided by o.
10
Let j = -53 - -137. Suppose -5*m + 0*m = -5*k - 125, -5*k + 73 = 4*m. Suppose 0 = -25*a + m*a + 51. Calculate the remainder when j is divided by a.
16
Let b(m) = -m**2 + 4*m - 1. Let t be b(3). Suppose f - 158 + 24 = -3*h, -3*f + 15 = 0. What is the remainder when h is divided by (3 - (-27)/6)*t?
13
Let f = -32 - -40. Suppose 12*l = f*l + 16. What is the remainder when 5 is divided by l?
1
Suppose 0*g = g + 1. Suppose 3*i = -5*m - 1, 20*m - 7 = i + 25*m. What is the remainder when 9 - (g + 0 - 0) is divided by i?
1
Suppose 4*g + m - 60 = 3*m, 3*m + 34 = 2*g. Let w = 18 - g. Suppose 12 = -4*v, c - v - 13 = v. Calculate the remainder when c is divided by w.
3
Suppose -v - 2*a + 285 = 0, -2*a = -2*v + 422 + 154. Calculate the remainder when v is divided by 21.
14
Suppose -50 + 10 = 5*o. Let w(j) be the third derivative of j**5/60 + 7*j**4/24 + j**3/6 + 3*j**2. Calculate the remainder when 24 is divided by w(o).
6
Let v be 5*((-64)/20 - -2). Let m(d) = 2*d - 5. Let n be m(6). Let b = n + v. What is the remainder when 2 is divided by b?
0
Let g(q) = q**2 - 5*q + 4. Let x be g(5). Suppose -3 = -x*n + 13. Suppose h - 48 = -0*h + 4*c, n*h + 4*c = 272. What is the remainder when h is divided by 17?
13
Let s = 23 - 13. Let l be (26/(-4))/((-4)/80). Let m = -91 + l. What is the remainder when m is divided by s?
9
Let f(c) = -4*c - 14. Let u be f(-3). Calculate the remainder when (-289)/(-85) - u/(-5) is divided by 2.
1
Suppose 9*o = 5*o + 68. Suppose -4*p + 0*p + 8 = 0. What is the remainder when o is divided by 1/(p - (-76)/(-40))?
7
Suppose 612 = 67*g + g. What is the remainder when 95 is divided by g?
5
Let y(f) = -f**2 + 18*f + 28. Suppose 61 = 3*d + 4*a, -5*a + 42 = 2*d - a. Calculate the remainder when y(d) is divided by 7.
2
Let i be (7 + 2 - 3) + -1. Suppose 3*t - i*l = 2*t + 170, 3*t - 478 = -l. What is the remainder when t is divided by 27?
25
Let w(j) = j**3 + 12*j**2 - 32*j + 32. Calculate the remainder when w(-14) is divided by 38.
12
Suppose -17*i + 162 = -20*i. Let y = i - -55. Calculate the remainder when 3 is divided by y.
0
Suppose -5*r = -6*m + m + 215, 41 = m - 3*r. Suppose -3*h - 2*h = 60. Let p = -3 - h. What is the remainder when m is divided by p?
8
Suppose 2*g = 4*g - 100. Suppose 0 = 5*z - f - g, 0 = 5*z - 0*z + f - 60. Suppose -z = -3*x + 31. What is the remainder when 37 is divided by x?
9
Let t(c) = -61*c**3 + 6*c**2 + 4*c. Calculate the remainder when t(-1) is divided by 16.
15
Suppose 0 = 3*w + 4*g - 5*g - 37, -4*g + 56 = 5*w. Let m = 37 - w. Calculate the remainder when 99 is divided by m.
24
Let t be 2*-1 + (-24)/(-4). Suppose -x - t*x = -15. What is the remainder when 37 is divided by (2/x)/((-16)/(-312))?
11
Let m(a) = -6*a**2 + 3*a**3 - 12*a - 2*a**3 + 2*a + 1. Let x = -19 - -27. Calculate the remainder when m(x) is divided by 13.
10
Let l be ((-20)/(-40) + (-39)/(-2))/2. Suppose 2*t - l = 10. What is the remainder when t is divided by ((-4)/(-5))/(2/15)?
4
Let r be 10*(-1 - 3/(-2)). Suppose 4*z + r + 11 = 2*p, 3*z + 47 = 4*p. Suppose 0 = 2*s - 3 - 7. Calculate the remainder when p is divided by s.
4
Suppose 5*d + 3*y - 39 = 0, -5*d + y + 42 = 5*y. Let v be 18/8*(-8)/(-6) - 1. Suppose -i = -d - v. Calculate the remainder when i is divided by 3.
2
Let a = 52 + -49. Suppose 3*i - 43 = -d, -a*i + 4*i - 2*d = 5. Suppose 0*q - 4*q = -200. Calculate the remainder when q is divided by i.
11
Let b(v) be the third derivative of v**5/60 - v**4/24 + v**3/3 - v**2. Let q(o) = o - 8. Let y be q(5). Calculate the remainder when b(y) is divided by 8.
6
Let m be (-13)/(((-4)/(-25))/(-4)). Suppose -5*j - m = -930. Suppose -4*x = 2*x - 186. What is the remainder when j is divided by x?
28
Suppose 0 = -4*b - x - x - 104, -5*b - 104 = -4*x. Let p = b - -35. Suppose -30 = -f - 4*f. What is the remainder when p is divided by f?
5
What is the remainder when 7 + (316 - (-3 - -5)) is divided by 36?
33
Suppose 5 = -9*q + 10*q. Suppose 0 = -9*m + q*m + 44. Calculate the remainder when 61 is divided by m.
6
Let x(d) = 18*d - 8. Let o be x(3). Let p = 71 - o. What is the remainder when p is divided by 14?
11
Let j be 4 - -6*(-40)/(-15). What is the remainder when (j/(-15))/2*-18 is divided by 7?
5
Let r = -18 - -50. Let t = r + -28. What is the remainder when t is divided by (-10)/35 - (-16)/7?
0
Suppose 0 = -3*s - u + 132, -5*s = -3*u - 109 - 125. What is the remainder when 538 is divided by s?
43
Let w = 6 - -6. What is the remainder when (-90)/(-4) - (-8)/16 is divided by w?
11
Suppose y - 112 = -95. What is the remainder when y is divided by 6?
5
Suppose -51 = -14*a + 19. Calculate the remainder when 23 is divided by a.
3
Calculate the remainder when 214 is divided by (1364/279)/((-4)/(-54)).
16
Suppose -294*y + 293*y + 44 = 0. Calculate the remainder when y is divided by 24.
20
Let n = 43 + -7. What is the remainder when 501 is divided by n?
33
Let a be ((2 + -2)/(-1))/(-3). Suppose 2*c - 14 - 26 = a. Let i = 100 - 23. Calculate the remainder when i is divided by c.
17
Let j = 73 + -44. Calculate the remainder when j is divided by -10*5/(-425) + (-168)/(-17).
9
Suppose 4*g + 46 = -5*k, g + 0*g + 5*k + 19 = 0. Let b = g + 112. Suppose x - b = -5. Calculate the remainder when x is divided by 20.
18
Let c = 541 - 475. What is the remainder when c is divided by 11?
0
Suppose -3*k - 3*z + 64 = -5*z, z = 2*k - 43. Suppose 0 = 5*u - 133 - k. What is the remainder when u is divided by (-6)/(-15) - (-129)/15?
4
Let o(c) = 6*c + 3. Let r(k) = -k**2 - 6*k + 29. Let s be r(-9). Calculate the remainder when (-151)/(-1) - s - 8/(-2) is divided by o(6).
36
Suppose 3*h - r = 3*r + 22, 2*r + 32 = 5*h. Let m be ((-8)/(-12))/((-2)/15). Calculate the remainder when h is divided by m/(-10) - (-3)/2.
0
Let i(o) = o**3 + 24*o**2 + 64*o + 5. Calculate the remainder when i(-20) is divided by 66.
61
Suppose a - 3*n - 5 = -2*n, -a + 3*n = -9. Suppose 4*i = i - 4*r + 45, 2*i - a*r = 47. What is the remainder when 54 is divided by i?
16
Let b(h) = h + 36. Let q(x) = x + 54. Let p(r) = -7*b(r) + 5*q(r)